{"id":8,"date":"2024-05-26T09:13:41","date_gmt":"2024-05-26T09:13:41","guid":{"rendered":"https:\/\/practicalshootingclub.fi\/?page_id=8"},"modified":"2025-11-03T12:06:04","modified_gmt":"2025-11-03T10:06:04","slug":"etusivu","status":"publish","type":"page","link":"https:\/\/practicalshootingclub.fi\/","title":{"rendered":"Etusivu"},"content":{"rendered":"\n<p>Tervetuloa ampumaseuramme kotisivulle!<br><\/p>\n\n\n\n<p>Olemme hyv\u00e4henkinen ja ketter\u00e4 ampumaseura action air- ja practical-harrastajille. Toki moni meist\u00e4 harrastaa my\u00f6s muita ampumaurheilun lajeja. Seura on viel\u00e4 hyvin nuori, mutta toimintamme ja j\u00e4senist\u00f6mme kasvaa vauhdilla! Seuran aktiiveilla on useiden vuosien kokemus ampumaseuratoiminnasta. Haluamme kannustaa uusia harrastajia mielenkiintoisen harrastuksen pariin. Ota rohkeasti yhteytt\u00e4 ja tervetuloa mukaan!<br><\/p>\n\n\n\n<p><br>Yhdistys hyv\u00e4ksyttiin virallisesti PRH:n rekisteriin 24.5.2024. Tarkemmat tiedot <a href=\"https:\/\/tietopalvelu.ytj.fi\/yritys\/3450026-5\">PRH<\/a>:n sivulta.<br>Yhdistyksest\u00e4 k\u00e4ytet\u00e4\u00e4n lyhennett\u00e4 PSC.<br><br>Ajankohtaiset asiat l\u00f6yd\u00e4t Facebook sivuiltamme <a href=\"https:\/\/www.facebook.com\/profile.php?id=61559812035109\">https:\/\/www.facebook.com\/PracticalShootingClub<\/a><br><br>Py\u00f6rit\u00e4mme my\u00f6s Action Air sis\u00e4ampumarataa Riihim\u00e4ell\u00e4 <a href=\"https:\/\/www.actionairshootingcenter.fi\/\">Action Air Shooting Center<\/a> nimell\u00e4<\/p>\n\n\n\n<p><br><\/p>\n\n\n\n<p><\/p>\n","protected":false},"excerpt":{"rendered":"<p>Tervetuloa ampumaseuramme kotisivulle! Olemme hyv\u00e4henkinen ja ketter\u00e4 ampumaseura action air- ja practical-harrastajille. Toki moni meist\u00e4 harrastaa my\u00f6s muita ampumaurheilun lajeja. Seura on viel\u00e4 hyvin nuori, mutta toimintamme ja j\u00e4senist\u00f6mme kasvaa vauhdilla! Seuran aktiiveilla on useiden vuosien kokemus ampumaseuratoiminnasta. Haluamme kannustaa uusia harrastajia mielenkiintoisen harrastuksen pariin. Ota rohkeasti yhteytt\u00e4 ja tervetuloa mukaan! Yhdistys hyv\u00e4ksyttiin virallisesti PRH:n [&hellip;]<\/p>\n","protected":false},"author":1,"featured_media":0,"parent":0,"menu_order":0,"comment_status":"closed","ping_status":"closed","template":"","meta":{"footnotes":""},"class_list":["post-8","page","type-page","status-publish","hentry"],"yoast_head":"<!-- This site is optimized with the Yoast SEO plugin v27.4 - https:\/\/yoast.com\/product\/yoast-seo-wordpress\/ -->\n<title>Etusivu - Practical Shooting Club ry<\/title>\n<meta name=\"description\" content=\"Practical-ammuntaan keskittyv\u00e4 ampumaseura Etel\u00e4-Suomesta. Toimintaa j\u00e4rjest\u00e4mme p\u00e4\u00e4asiassa H\u00e4meenlinnassa, Lopella ja Helsingiss\u00e4.\" \/>\n<meta name=\"robots\" content=\"index, follow, max-snippet:-1, max-image-preview:large, max-video-preview:-1\" \/>\n<link rel=\"canonical\" href=\"https:\/\/practicalshootingclub.fi\/\" \/>\n<meta property=\"og:locale\" content=\"fi_FI\" \/>\n<meta property=\"og:type\" content=\"article\" \/>\n<meta property=\"og:title\" content=\"Etusivu - Practical Shooting Club ry\" \/>\n<meta property=\"og:description\" content=\"Practical-ammuntaan keskittyv\u00e4 ampumaseura Etel\u00e4-Suomesta. Toimintaa j\u00e4rjest\u00e4mme p\u00e4\u00e4asiassa H\u00e4meenlinnassa, Lopella ja Helsingiss\u00e4.\" \/>\n<meta property=\"og:url\" content=\"https:\/\/practicalshootingclub.fi\/\" \/>\n<meta property=\"og:site_name\" content=\"Practical Shooting Club ry\" \/>\n<meta property=\"article:publisher\" content=\"https:\/\/www.facebook.com\/profile.php?id=61559812035109\" \/>\n<meta property=\"article:modified_time\" content=\"2025-11-03T10:06:04+00:00\" \/>\n<meta name=\"twitter:card\" content=\"summary_large_image\" \/>\n<meta name=\"twitter:label1\" content=\"Arvioitu lukuaika\" \/>\n\t<meta name=\"twitter:data1\" content=\"1 minuutti\" \/>\n<script type=\"application\/ld+json\" class=\"yoast-schema-graph\">{\"@context\":\"https:\\\/\\\/schema.org\",\"@graph\":[{\"@type\":\"WebPage\",\"@id\":\"https:\\\/\\\/practicalshootingclub.fi\\\/\",\"url\":\"https:\\\/\\\/practicalshootingclub.fi\\\/\",\"name\":\"Etusivu - Practical Shooting Club ry\",\"isPartOf\":{\"@id\":\"https:\\\/\\\/practicalshootingclub.fi\\\/#website\"},\"datePublished\":\"2024-05-26T09:13:41+00:00\",\"dateModified\":\"2025-11-03T10:06:04+00:00\",\"description\":\"Practical-ammuntaan keskittyv\u00e4 ampumaseura Etel\u00e4-Suomesta. Toimintaa j\u00e4rjest\u00e4mme p\u00e4\u00e4asiassa H\u00e4meenlinnassa, Lopella ja Helsingiss\u00e4.\",\"breadcrumb\":{\"@id\":\"https:\\\/\\\/practicalshootingclub.fi\\\/#breadcrumb\"},\"inLanguage\":\"fi\",\"potentialAction\":[{\"@type\":\"ReadAction\",\"target\":[\"https:\\\/\\\/practicalshootingclub.fi\\\/\"]}]},{\"@type\":\"BreadcrumbList\",\"@id\":\"https:\\\/\\\/practicalshootingclub.fi\\\/#breadcrumb\",\"itemListElement\":[{\"@type\":\"ListItem\",\"position\":1,\"name\":\"Etusivu\",\"item\":\"https:\\\/\\\/practicalshootingclub.fi\\\/\"},{\"@type\":\"ListItem\",\"position\":2,\"name\":\"Etusivu\"}]},{\"@type\":\"WebSite\",\"@id\":\"https:\\\/\\\/practicalshootingclub.fi\\\/#website\",\"url\":\"https:\\\/\\\/practicalshootingclub.fi\\\/\",\"name\":\"Practical Shooting Club ry\",\"description\":\"\",\"publisher\":{\"@id\":\"https:\\\/\\\/practicalshootingclub.fi\\\/#organization\"},\"potentialAction\":[{\"@type\":\"SearchAction\",\"target\":{\"@type\":\"EntryPoint\",\"urlTemplate\":\"https:\\\/\\\/practicalshootingclub.fi\\\/?s={search_term_string}\"},\"query-input\":{\"@type\":\"PropertyValueSpecification\",\"valueRequired\":true,\"valueName\":\"search_term_string\"}}],\"inLanguage\":\"fi\"},{\"@type\":\"Organization\",\"@id\":\"https:\\\/\\\/practicalshootingclub.fi\\\/#organization\",\"name\":\"Practical Shooting Club ry\",\"url\":\"https:\\\/\\\/practicalshootingclub.fi\\\/\",\"logo\":{\"@type\":\"ImageObject\",\"inLanguage\":\"fi\",\"@id\":\"https:\\\/\\\/practicalshootingclub.fi\\\/#\\\/schema\\\/logo\\\/image\\\/\",\"url\":\"https:\\\/\\\/practicalshootingclub.fi\\\/wp-content\\\/uploads\\\/2024\\\/07\\\/logo2.png\",\"contentUrl\":\"https:\\\/\\\/practicalshootingclub.fi\\\/wp-content\\\/uploads\\\/2024\\\/07\\\/logo2.png\",\"width\":473,\"height\":140,\"caption\":\"Practical Shooting Club ry\"},\"image\":{\"@id\":\"https:\\\/\\\/practicalshootingclub.fi\\\/#\\\/schema\\\/logo\\\/image\\\/\"},\"sameAs\":[\"https:\\\/\\\/www.facebook.com\\\/profile.php?id=61559812035109\"]}]}<\/script>\n<!-- \/ Yoast SEO plugin. -->","yoast_head_json":{"title":"Etusivu - Practical Shooting Club ry","description":"Practical-ammuntaan keskittyv\u00e4 ampumaseura Etel\u00e4-Suomesta. Toimintaa j\u00e4rjest\u00e4mme p\u00e4\u00e4asiassa H\u00e4meenlinnassa, Lopella ja Helsingiss\u00e4.","robots":{"index":"index","follow":"follow","max-snippet":"max-snippet:-1","max-image-preview":"max-image-preview:large","max-video-preview":"max-video-preview:-1"},"canonical":"https:\/\/practicalshootingclub.fi\/","og_locale":"fi_FI","og_type":"article","og_title":"Etusivu - Practical Shooting Club ry","og_description":"Practical-ammuntaan keskittyv\u00e4 ampumaseura Etel\u00e4-Suomesta. Toimintaa j\u00e4rjest\u00e4mme p\u00e4\u00e4asiassa H\u00e4meenlinnassa, Lopella ja Helsingiss\u00e4.","og_url":"https:\/\/practicalshootingclub.fi\/","og_site_name":"Practical Shooting Club ry","article_publisher":"https:\/\/www.facebook.com\/profile.php?id=61559812035109","article_modified_time":"2025-11-03T10:06:04+00:00","twitter_card":"summary_large_image","twitter_misc":{"Arvioitu lukuaika":"1 minuutti"},"schema":{"@context":"https:\/\/schema.org","@graph":[{"@type":"WebPage","@id":"https:\/\/practicalshootingclub.fi\/","url":"https:\/\/practicalshootingclub.fi\/","name":"Etusivu - Practical Shooting Club ry","isPartOf":{"@id":"https:\/\/practicalshootingclub.fi\/#website"},"datePublished":"2024-05-26T09:13:41+00:00","dateModified":"2025-11-03T10:06:04+00:00","description":"Practical-ammuntaan keskittyv\u00e4 ampumaseura Etel\u00e4-Suomesta. Toimintaa j\u00e4rjest\u00e4mme p\u00e4\u00e4asiassa H\u00e4meenlinnassa, Lopella ja Helsingiss\u00e4.","breadcrumb":{"@id":"https:\/\/practicalshootingclub.fi\/#breadcrumb"},"inLanguage":"fi","potentialAction":[{"@type":"ReadAction","target":["https:\/\/practicalshootingclub.fi\/"]}]},{"@type":"BreadcrumbList","@id":"https:\/\/practicalshootingclub.fi\/#breadcrumb","itemListElement":[{"@type":"ListItem","position":1,"name":"Etusivu","item":"https:\/\/practicalshootingclub.fi\/"},{"@type":"ListItem","position":2,"name":"Etusivu"}]},{"@type":"WebSite","@id":"https:\/\/practicalshootingclub.fi\/#website","url":"https:\/\/practicalshootingclub.fi\/","name":"Practical Shooting Club ry","description":"","publisher":{"@id":"https:\/\/practicalshootingclub.fi\/#organization"},"potentialAction":[{"@type":"SearchAction","target":{"@type":"EntryPoint","urlTemplate":"https:\/\/practicalshootingclub.fi\/?s={search_term_string}"},"query-input":{"@type":"PropertyValueSpecification","valueRequired":true,"valueName":"search_term_string"}}],"inLanguage":"fi"},{"@type":"Organization","@id":"https:\/\/practicalshootingclub.fi\/#organization","name":"Practical Shooting Club ry","url":"https:\/\/practicalshootingclub.fi\/","logo":{"@type":"ImageObject","inLanguage":"fi","@id":"https:\/\/practicalshootingclub.fi\/#\/schema\/logo\/image\/","url":"https:\/\/practicalshootingclub.fi\/wp-content\/uploads\/2024\/07\/logo2.png","contentUrl":"https:\/\/practicalshootingclub.fi\/wp-content\/uploads\/2024\/07\/logo2.png","width":473,"height":140,"caption":"Practical Shooting Club ry"},"image":{"@id":"https:\/\/practicalshootingclub.fi\/#\/schema\/logo\/image\/"},"sameAs":["https:\/\/www.facebook.com\/profile.php?id=61559812035109"]}]}},"_links":{"self":[{"href":"https:\/\/practicalshootingclub.fi\/index.php?rest_route=\/wp\/v2\/pages\/8","targetHints":{"allow":["GET"]}}],"collection":[{"href":"https:\/\/practicalshootingclub.fi\/index.php?rest_route=\/wp\/v2\/pages"}],"about":[{"href":"https:\/\/practicalshootingclub.fi\/index.php?rest_route=\/wp\/v2\/types\/page"}],"author":[{"embeddable":true,"href":"https:\/\/practicalshootingclub.fi\/index.php?rest_route=\/wp\/v2\/users\/1"}],"replies":[{"embeddable":true,"href":"https:\/\/practicalshootingclub.fi\/index.php?rest_route=%2Fwp%2Fv2%2Fcomments&post=8"}],"version-history":[{"count":6,"href":"https:\/\/practicalshootingclub.fi\/index.php?rest_route=\/wp\/v2\/pages\/8\/revisions"}],"predecessor-version":[{"id":158,"href":"https:\/\/practicalshootingclub.fi\/index.php?rest_route=\/wp\/v2\/pages\/8\/revisions\/158"}],"wp:attachment":[{"href":"https:\/\/practicalshootingclub.fi\/index.php?rest_route=%2Fwp%2Fv2%2Fmedia&parent=8"}],"curies":[{"name":"wp","href":"https:\/\/api.w.org\/{rel}","templated":true}]}}