{"id":10,"date":"2024-05-26T09:13:42","date_gmt":"2024-05-26T09:13:42","guid":{"rendered":"https:\/\/practicalshootingclub.fi\/?page_id=10"},"modified":"2025-03-15T05:43:52","modified_gmt":"2025-03-15T05:43:52","slug":"tietoja","status":"publish","type":"page","link":"https:\/\/practicalshootingclub.fi\/?page_id=10","title":{"rendered":"Tietoja"},"content":{"rendered":"\n<p>Hallitus 2024-2025<\/p>\n\n\n\n<p><\/p>\n\n\n\n<div class=\"wp-block-columns is-layout-flex wp-container-core-columns-is-layout-9d6595d7 wp-block-columns-is-layout-flex\">\n<div class=\"wp-block-column is-layout-flow wp-block-column-is-layout-flow\" style=\"flex-basis:100%\">\n<p>Puheenjohtaja Kauko Sir\u00e9n +358 50 369 7050<br>Varapuheenjohtaja Timo Kilpinen<\/p>\n\n\n\n<p>Sihteeri Joona Hakulinen<br>Rahastonhoitaja Juho Sir\u00e9n<\/p>\n\n\n\n<p><\/p>\n<\/div>\n<\/div>\n\n\n\n<p>Kerhon AA rata <a href=\"https:\/\/www.actionairshootingcenter.fi\/\">Action Air Shooting Center<\/a> Riihim\u00e4ell\u00e4<\/p>\n\n\n\n<p><\/p>\n\n\n\n<p>S\u00e4hk\u00f6posti: info (at) practicalshootingclub.fi<\/p>\n\n\n\n<p><\/p>\n\n\n\n<p><strong>Yhteydenottolomake<\/strong><\/p>\n\n\n\n<div class=\"wp-block-contact-form-7-contact-form-selector\">\n<div class=\"wpcf7 no-js\" id=\"wpcf7-f4-o1\" lang=\"fi\" dir=\"ltr\" data-wpcf7-id=\"4\">\n<div class=\"screen-reader-response\"><p role=\"status\" aria-live=\"polite\" aria-atomic=\"true\"><\/p> <ul><\/ul><\/div>\n<form action=\"\/index.php?rest_route=%2Fwp%2Fv2%2Fpages%2F10#wpcf7-f4-o1\" method=\"post\" class=\"wpcf7-form init\" aria-label=\"Yhteydenottolomake\" novalidate=\"novalidate\" data-status=\"init\">\n<fieldset class=\"hidden-fields-container\"><input type=\"hidden\" name=\"_wpcf7\" value=\"4\" \/><input type=\"hidden\" name=\"_wpcf7_version\" value=\"6.1.5\" \/><input type=\"hidden\" name=\"_wpcf7_locale\" value=\"fi\" \/><input type=\"hidden\" name=\"_wpcf7_unit_tag\" value=\"wpcf7-f4-o1\" \/><input type=\"hidden\" name=\"_wpcf7_container_post\" value=\"0\" \/><input type=\"hidden\" name=\"_wpcf7_posted_data_hash\" value=\"\" \/>\n<\/fieldset>\n<p><label> Nimesi<br \/>\n<span class=\"wpcf7-form-control-wrap\" data-name=\"your-name\"><input size=\"40\" maxlength=\"400\" class=\"wpcf7-form-control wpcf7-text wpcf7-validates-as-required\" autocomplete=\"name\" aria-required=\"true\" aria-invalid=\"false\" value=\"\" type=\"text\" name=\"your-name\" \/><\/span> <\/label>\n<\/p>\n<p><label> S\u00e4hk\u00f6postiosoitteesi<br \/>\n<span class=\"wpcf7-form-control-wrap\" data-name=\"your-email\"><input size=\"40\" maxlength=\"400\" class=\"wpcf7-form-control wpcf7-email wpcf7-validates-as-required wpcf7-text wpcf7-validates-as-email\" autocomplete=\"email\" aria-required=\"true\" aria-invalid=\"false\" value=\"\" type=\"email\" name=\"your-email\" \/><\/span> <\/label>\n<\/p>\n<p><label> Aihe<br \/>\n<span class=\"wpcf7-form-control-wrap\" data-name=\"your-subject\"><input size=\"40\" maxlength=\"400\" class=\"wpcf7-form-control wpcf7-text wpcf7-validates-as-required\" aria-required=\"true\" aria-invalid=\"false\" value=\"\" type=\"text\" name=\"your-subject\" \/><\/span> <\/label>\n<\/p>\n<p><label> Viestisi (valinnainen)<br \/>\n<span class=\"wpcf7-form-control-wrap\" data-name=\"your-message\"><textarea cols=\"40\" rows=\"10\" maxlength=\"2000\" class=\"wpcf7-form-control wpcf7-textarea\" aria-invalid=\"false\" name=\"your-message\"><\/textarea><\/span> <\/label>\n<\/p>\n<p><input class=\"wpcf7-form-control wpcf7-submit has-spinner\" type=\"submit\" value=\"L\u00e4het\u00e4\" \/>\n<\/p><div class=\"wpcf7-response-output\" aria-hidden=\"true\"><\/div>\n<\/form>\n<\/div>\n<\/div>\n","protected":false},"excerpt":{"rendered":"<p>Hallitus 2024-2025 Puheenjohtaja Kauko Sir\u00e9n +358 50 369 7050Varapuheenjohtaja Timo Kilpinen Sihteeri Joona HakulinenRahastonhoitaja Juho Sir\u00e9n Kerhon AA rata Action Air Shooting Center Riihim\u00e4ell\u00e4 S\u00e4hk\u00f6posti: info (at) practicalshootingclub.fi Yhteydenottolomake<\/p>\n","protected":false},"author":1,"featured_media":0,"parent":0,"menu_order":0,"comment_status":"closed","ping_status":"closed","template":"","meta":{"footnotes":""},"class_list":["post-10","page","type-page","status-publish","hentry"],"yoast_head":"<!-- This site is optimized with the Yoast SEO plugin v27.3 - https:\/\/yoast.com\/product\/yoast-seo-wordpress\/ -->\n<title>Tietoja - Practical Shooting Club ry<\/title>\n<meta name=\"robots\" content=\"index, follow, max-snippet:-1, max-image-preview:large, max-video-preview:-1\" \/>\n<link rel=\"canonical\" href=\"https:\/\/practicalshootingclub.fi\/?page_id=10\" \/>\n<meta property=\"og:locale\" content=\"fi_FI\" \/>\n<meta property=\"og:type\" content=\"article\" \/>\n<meta property=\"og:title\" content=\"Tietoja - Practical Shooting Club ry\" \/>\n<meta property=\"og:description\" content=\"Hallitus 2024-2025 Puheenjohtaja Kauko Sir\u00e9n +358 50 369 7050Varapuheenjohtaja Timo Kilpinen Sihteeri Joona HakulinenRahastonhoitaja Juho Sir\u00e9n Kerhon AA rata Action Air Shooting Center Riihim\u00e4ell\u00e4 S\u00e4hk\u00f6posti: info (at) practicalshootingclub.fi Yhteydenottolomake\" \/>\n<meta property=\"og:url\" content=\"https:\/\/practicalshootingclub.fi\/?page_id=10\" \/>\n<meta property=\"og:site_name\" content=\"Practical Shooting Club ry\" \/>\n<meta property=\"article:publisher\" content=\"https:\/\/www.facebook.com\/profile.php?id=61559812035109\" \/>\n<meta property=\"article:modified_time\" content=\"2025-03-15T05:43:52+00:00\" \/>\n<meta name=\"twitter:card\" content=\"summary_large_image\" \/>\n<meta name=\"twitter:label1\" content=\"Arvioitu lukuaika\" \/>\n\t<meta name=\"twitter:data1\" content=\"1 minuutti\" \/>\n<script type=\"application\/ld+json\" class=\"yoast-schema-graph\">{\"@context\":\"https:\\\/\\\/schema.org\",\"@graph\":[{\"@type\":\"WebPage\",\"@id\":\"https:\\\/\\\/practicalshootingclub.fi\\\/?page_id=10\",\"url\":\"https:\\\/\\\/practicalshootingclub.fi\\\/?page_id=10\",\"name\":\"Tietoja - Practical Shooting Club ry\",\"isPartOf\":{\"@id\":\"https:\\\/\\\/practicalshootingclub.fi\\\/#website\"},\"datePublished\":\"2024-05-26T09:13:42+00:00\",\"dateModified\":\"2025-03-15T05:43:52+00:00\",\"breadcrumb\":{\"@id\":\"https:\\\/\\\/practicalshootingclub.fi\\\/?page_id=10#breadcrumb\"},\"inLanguage\":\"fi\",\"potentialAction\":[{\"@type\":\"ReadAction\",\"target\":[\"https:\\\/\\\/practicalshootingclub.fi\\\/?page_id=10\"]}]},{\"@type\":\"BreadcrumbList\",\"@id\":\"https:\\\/\\\/practicalshootingclub.fi\\\/?page_id=10#breadcrumb\",\"itemListElement\":[{\"@type\":\"ListItem\",\"position\":1,\"name\":\"Etusivu\",\"item\":\"https:\\\/\\\/practicalshootingclub.fi\\\/\"},{\"@type\":\"ListItem\",\"position\":2,\"name\":\"Tietoja\"}]},{\"@type\":\"WebSite\",\"@id\":\"https:\\\/\\\/practicalshootingclub.fi\\\/#website\",\"url\":\"https:\\\/\\\/practicalshootingclub.fi\\\/\",\"name\":\"Practical Shooting Club ry\",\"description\":\"\",\"publisher\":{\"@id\":\"https:\\\/\\\/practicalshootingclub.fi\\\/#organization\"},\"potentialAction\":[{\"@type\":\"SearchAction\",\"target\":{\"@type\":\"EntryPoint\",\"urlTemplate\":\"https:\\\/\\\/practicalshootingclub.fi\\\/?s={search_term_string}\"},\"query-input\":{\"@type\":\"PropertyValueSpecification\",\"valueRequired\":true,\"valueName\":\"search_term_string\"}}],\"inLanguage\":\"fi\"},{\"@type\":\"Organization\",\"@id\":\"https:\\\/\\\/practicalshootingclub.fi\\\/#organization\",\"name\":\"Practical Shooting Club ry\",\"url\":\"https:\\\/\\\/practicalshootingclub.fi\\\/\",\"logo\":{\"@type\":\"ImageObject\",\"inLanguage\":\"fi\",\"@id\":\"https:\\\/\\\/practicalshootingclub.fi\\\/#\\\/schema\\\/logo\\\/image\\\/\",\"url\":\"https:\\\/\\\/practicalshootingclub.fi\\\/wp-content\\\/uploads\\\/2024\\\/07\\\/logo2.png\",\"contentUrl\":\"https:\\\/\\\/practicalshootingclub.fi\\\/wp-content\\\/uploads\\\/2024\\\/07\\\/logo2.png\",\"width\":473,\"height\":140,\"caption\":\"Practical Shooting Club ry\"},\"image\":{\"@id\":\"https:\\\/\\\/practicalshootingclub.fi\\\/#\\\/schema\\\/logo\\\/image\\\/\"},\"sameAs\":[\"https:\\\/\\\/www.facebook.com\\\/profile.php?id=61559812035109\"]}]}<\/script>\n<!-- \/ Yoast SEO plugin. -->","yoast_head_json":{"title":"Tietoja - Practical Shooting Club ry","robots":{"index":"index","follow":"follow","max-snippet":"max-snippet:-1","max-image-preview":"max-image-preview:large","max-video-preview":"max-video-preview:-1"},"canonical":"https:\/\/practicalshootingclub.fi\/?page_id=10","og_locale":"fi_FI","og_type":"article","og_title":"Tietoja - Practical Shooting Club ry","og_description":"Hallitus 2024-2025 Puheenjohtaja Kauko Sir\u00e9n +358 50 369 7050Varapuheenjohtaja Timo Kilpinen Sihteeri Joona HakulinenRahastonhoitaja Juho Sir\u00e9n Kerhon AA rata Action Air Shooting Center Riihim\u00e4ell\u00e4 S\u00e4hk\u00f6posti: info (at) practicalshootingclub.fi Yhteydenottolomake","og_url":"https:\/\/practicalshootingclub.fi\/?page_id=10","og_site_name":"Practical Shooting Club ry","article_publisher":"https:\/\/www.facebook.com\/profile.php?id=61559812035109","article_modified_time":"2025-03-15T05:43:52+00:00","twitter_card":"summary_large_image","twitter_misc":{"Arvioitu lukuaika":"1 minuutti"},"schema":{"@context":"https:\/\/schema.org","@graph":[{"@type":"WebPage","@id":"https:\/\/practicalshootingclub.fi\/?page_id=10","url":"https:\/\/practicalshootingclub.fi\/?page_id=10","name":"Tietoja - Practical Shooting Club ry","isPartOf":{"@id":"https:\/\/practicalshootingclub.fi\/#website"},"datePublished":"2024-05-26T09:13:42+00:00","dateModified":"2025-03-15T05:43:52+00:00","breadcrumb":{"@id":"https:\/\/practicalshootingclub.fi\/?page_id=10#breadcrumb"},"inLanguage":"fi","potentialAction":[{"@type":"ReadAction","target":["https:\/\/practicalshootingclub.fi\/?page_id=10"]}]},{"@type":"BreadcrumbList","@id":"https:\/\/practicalshootingclub.fi\/?page_id=10#breadcrumb","itemListElement":[{"@type":"ListItem","position":1,"name":"Etusivu","item":"https:\/\/practicalshootingclub.fi\/"},{"@type":"ListItem","position":2,"name":"Tietoja"}]},{"@type":"WebSite","@id":"https:\/\/practicalshootingclub.fi\/#website","url":"https:\/\/practicalshootingclub.fi\/","name":"Practical Shooting Club ry","description":"","publisher":{"@id":"https:\/\/practicalshootingclub.fi\/#organization"},"potentialAction":[{"@type":"SearchAction","target":{"@type":"EntryPoint","urlTemplate":"https:\/\/practicalshootingclub.fi\/?s={search_term_string}"},"query-input":{"@type":"PropertyValueSpecification","valueRequired":true,"valueName":"search_term_string"}}],"inLanguage":"fi"},{"@type":"Organization","@id":"https:\/\/practicalshootingclub.fi\/#organization","name":"Practical Shooting Club ry","url":"https:\/\/practicalshootingclub.fi\/","logo":{"@type":"ImageObject","inLanguage":"fi","@id":"https:\/\/practicalshootingclub.fi\/#\/schema\/logo\/image\/","url":"https:\/\/practicalshootingclub.fi\/wp-content\/uploads\/2024\/07\/logo2.png","contentUrl":"https:\/\/practicalshootingclub.fi\/wp-content\/uploads\/2024\/07\/logo2.png","width":473,"height":140,"caption":"Practical Shooting Club ry"},"image":{"@id":"https:\/\/practicalshootingclub.fi\/#\/schema\/logo\/image\/"},"sameAs":["https:\/\/www.facebook.com\/profile.php?id=61559812035109"]}]}},"_links":{"self":[{"href":"https:\/\/practicalshootingclub.fi\/index.php?rest_route=\/wp\/v2\/pages\/10","targetHints":{"allow":["GET"]}}],"collection":[{"href":"https:\/\/practicalshootingclub.fi\/index.php?rest_route=\/wp\/v2\/pages"}],"about":[{"href":"https:\/\/practicalshootingclub.fi\/index.php?rest_route=\/wp\/v2\/types\/page"}],"author":[{"embeddable":true,"href":"https:\/\/practicalshootingclub.fi\/index.php?rest_route=\/wp\/v2\/users\/1"}],"replies":[{"embeddable":true,"href":"https:\/\/practicalshootingclub.fi\/index.php?rest_route=%2Fwp%2Fv2%2Fcomments&post=10"}],"version-history":[{"count":8,"href":"https:\/\/practicalshootingclub.fi\/index.php?rest_route=\/wp\/v2\/pages\/10\/revisions"}],"predecessor-version":[{"id":119,"href":"https:\/\/practicalshootingclub.fi\/index.php?rest_route=\/wp\/v2\/pages\/10\/revisions\/119"}],"wp:attachment":[{"href":"https:\/\/practicalshootingclub.fi\/index.php?rest_route=%2Fwp%2Fv2%2Fmedia&parent=10"}],"curies":[{"name":"wp","href":"https:\/\/api.w.org\/{rel}","templated":true}]}}